{"id":13026,"date":"2020-06-12T02:36:16","date_gmt":"2020-06-12T02:36:16","guid":{"rendered":"http:\/\/demo.zozothemes.com\/import\/uploads-temp\/nutrie\/?page_id=13026"},"modified":"2023-04-26T19:01:15","modified_gmt":"2023-04-26T19:01:15","slug":"about-us","status":"publish","type":"page","link":"https:\/\/vita-vetsch.ch\/?page_id=13026","title":{"rendered":"\u00dcber Mich"},"content":{"rendered":"\t\t<div data-elementor-type=\"wp-page\" data-elementor-id=\"13026\" class=\"elementor elementor-13026\">\n\t\t\t\t\t\t\t\t\t<section class=\"elementor-section elementor-top-section elementor-element elementor-element-14f6a64 elementor-section-content-middle elementor-section-boxed elementor-section-height-default elementor-section-height-default\" data-id=\"14f6a64\" data-element_type=\"section\">\n\t\t\t\t\t\t<div class=\"elementor-container elementor-column-gap-default\">\n\t\t\t\t\t<div class=\"elementor-column elementor-col-50 elementor-top-column elementor-element elementor-element-facf82e elementor-invisible\" data-id=\"facf82e\" data-element_type=\"column\" data-settings=\"{&quot;animation&quot;:&quot;fadeInLeft&quot;}\">\n\t\t\t<div class=\"elementor-widget-wrap elementor-element-populated\">\n\t\t\t\t\t\t\t\t<div class=\"elementor-element elementor-element-f616263 elementor-widget elementor-widget-nutriesectiontitle\" data-id=\"f616263\" data-element_type=\"widget\" data-widget_type=\"nutriesectiontitle.default\">\n\t\t\t\t<div class=\"elementor-widget-container\">\n\t\t\t<div class=\"section-title-wrapper margin-bottom-0\"><div class=\"title-wrap\"><span class=\"sub-title\">Diplomierte Ern\u00e4hrungsberaterin<\/span><h4 class=\"section-title\">Tatjana Vetsch<\/h4><\/div><!-- .title-wrap --><div class=\"section-description\"><\/div><!-- .section-description --><\/div><!-- .section-title-wrapper -->\t\t<\/div>\n\t\t\t\t<\/div>\n\t\t\t\t<div class=\"elementor-element elementor-element-07d18d3 elementor-widget elementor-widget-text-editor\" data-id=\"07d18d3\" data-element_type=\"widget\" data-widget_type=\"text-editor.default\">\n\t\t\t\t<div class=\"elementor-widget-container\">\n\t\t\t<style>\/*! elementor - v3.15.0 - 02-08-2023 *\/\n.elementor-widget-text-editor.elementor-drop-cap-view-stacked .elementor-drop-cap{background-color:#69727d;color:#fff}.elementor-widget-text-editor.elementor-drop-cap-view-framed .elementor-drop-cap{color:#69727d;border:3px solid;background-color:transparent}.elementor-widget-text-editor:not(.elementor-drop-cap-view-default) .elementor-drop-cap{margin-top:8px}.elementor-widget-text-editor:not(.elementor-drop-cap-view-default) .elementor-drop-cap-letter{width:1em;height:1em}.elementor-widget-text-editor .elementor-drop-cap{float:left;text-align:center;line-height:1;font-size:50px}.elementor-widget-text-editor .elementor-drop-cap-letter{display:inline-block}<\/style>\t\t\t\t<p>Schon fr\u00fch habe ich mich f\u00fcr Ern\u00e4hrung und den menschlichen K\u00f6rper interessiert. Ich besuchte damals in der Schule das Wahlfach kochen, weil es mir so viel Spass gemacht hat, viele verschiedene grossartige Gerichte zu kreieren. Bis heute koche ich gerne und meist ohne Rezepte. Ich finde das Kochen ist eine gute Abwechslung im Alltag.<\/p><p>Durch meine Ausbildung als Medizinische Praxisassistentin und jahrelange Erfahrung konnte ich mir bereits ein breites medizinisches Wissen aneignen. Deshalb ist es mir wichtig in meinen Beratungen auch auf gesundheitliche Probleme einzugehen und gewissen Krankheiten vorzubeugen. Vielen Menschen ist nicht bewusst wie relevant ihr eigener Einfluss auf ihr Wohlbefinden, Gesundheit und Energielevel ist, um ein gesundes vitales Leben zu f\u00fchren.\u00a0\u00a0<\/p><p>Zusammen mit Ihnen m\u00f6chte ich eine L\u00f6sung finden, die zu Ihrer Lebensweise passt, damit Sie Ihre W\u00fcnsche und Ziele erreichen k\u00f6nnen, ohne dabei auf Freude und Genuss beim Essen verzichten zu m\u00fcssen. Mir ist wichtig, dass Sie sich gut aufgehoben und verstanden f\u00fchlen.\u00a0<\/p>\t\t\t\t\t\t<\/div>\n\t\t\t\t<\/div>\n\t\t\t\t\t<\/div>\n\t\t<\/div>\n\t\t\t\t<div class=\"elementor-column elementor-col-50 elementor-top-column elementor-element elementor-element-29e758b elementor-invisible\" data-id=\"29e758b\" data-element_type=\"column\" data-settings=\"{&quot;animation&quot;:&quot;fadeInRight&quot;}\">\n\t\t\t<div class=\"elementor-widget-wrap elementor-element-populated\">\n\t\t\t\t\t\t\t\t<div class=\"elementor-element elementor-element-1a3e85d elementor-widget elementor-widget-image\" data-id=\"1a3e85d\" data-element_type=\"widget\" data-widget_type=\"image.default\">\n\t\t\t\t<div class=\"elementor-widget-container\">\n\t\t\t<style>\/*! elementor - v3.15.0 - 02-08-2023 *\/\n.elementor-widget-image{text-align:center}.elementor-widget-image a{display:inline-block}.elementor-widget-image a img[src$=\".svg\"]{width:48px}.elementor-widget-image img{vertical-align:middle;display:inline-block}<\/style>\t\t\t\t\t\t\t\t\t<figure class=\"wp-caption\">\n\t\t\t\t\t\t\t\t\t\t<img decoding=\"async\" src=\"https:\/\/vita-vetsch.ch\/wp-content\/uploads\/2023\/04\/Tatjana_Vetsch-2.png\" title=\"Tatjana_Vetsch\" alt=\"Tatjana_Vetsch\" loading=\"lazy\" \/>\t\t\t\t\t\t\t\t\t\t\t<figcaption class=\"widget-image-caption wp-caption-text\">Tatjana Vetsch<\/figcaption>\n\t\t\t\t\t\t\t\t\t\t<\/figure>\n\t\t\t\t\t\t\t\t\t<\/div>\n\t\t\t\t<\/div>\n\t\t\t\t\t<\/div>\n\t\t<\/div>\n\t\t\t\t\t\t\t<\/div>\n\t\t<\/section>\n\t\t\t\t\t\t\t<\/div>\n\t\t","protected":false},"excerpt":{"rendered":"<p>Diplomierte Ern\u00e4hrungsberaterin Tatjana Vetsch Schon fr\u00fch habe ich mich f\u00fcr Ern\u00e4hrung und den menschlichen K\u00f6rper interessiert. Ich besuchte damals in der Schule das Wahlfach kochen, weil es mir so viel Spass gemacht hat, viele verschiedene grossartige Gerichte zu kreieren. Bis heute koche ich gerne und meist ohne Rezepte. Ich finde das Kochen ist eine gute<\/p>\n","protected":false},"author":1,"featured_media":0,"parent":0,"menu_order":0,"comment_status":"closed","ping_status":"closed","template":"","meta":{"footnotes":""},"class_list":["post-13026","page","type-page","status-publish","hentry"],"yoast_head":"<!-- This site is optimized with the Yoast SEO plugin v20.12 - https:\/\/yoast.com\/wordpress\/plugins\/seo\/ -->\n<title>\u00dcber Mich - Vita Vetsch<\/title>\n<meta name=\"robots\" content=\"index, follow, max-snippet:-1, max-image-preview:large, max-video-preview:-1\" \/>\n<link rel=\"canonical\" href=\"https:\/\/vita-vetsch.ch\/?page_id=13026\" \/>\n<meta property=\"og:locale\" content=\"de_DE\" \/>\n<meta property=\"og:type\" content=\"article\" \/>\n<meta property=\"og:title\" content=\"\u00dcber Mich - Vita Vetsch\" \/>\n<meta property=\"og:description\" content=\"Diplomierte Ern\u00e4hrungsberaterin Tatjana Vetsch Schon fr\u00fch habe ich mich f\u00fcr Ern\u00e4hrung und den menschlichen K\u00f6rper interessiert. Ich besuchte damals in der Schule das Wahlfach kochen, weil es mir so viel Spass gemacht hat, viele verschiedene grossartige Gerichte zu kreieren. Bis heute koche ich gerne und meist ohne Rezepte. Ich finde das Kochen ist eine gute\" \/>\n<meta property=\"og:url\" content=\"https:\/\/vita-vetsch.ch\/?page_id=13026\" \/>\n<meta property=\"og:site_name\" content=\"Vita Vetsch\" \/>\n<meta property=\"article:modified_time\" content=\"2023-04-26T19:01:15+00:00\" \/>\n<meta property=\"og:image\" content=\"https:\/\/vita-vetsch.ch\/wp-content\/uploads\/2023\/04\/Tatjana_Vetsch-2.png\" \/>\n<meta name=\"twitter:card\" content=\"summary_large_image\" \/>\n<meta name=\"twitter:label1\" content=\"Gesch\u00e4tzte Lesezeit\" \/>\n\t<meta name=\"twitter:data1\" content=\"1\u00a0Minute\" \/>\n<script type=\"application\/ld+json\" class=\"yoast-schema-graph\">{\"@context\":\"https:\/\/schema.org\",\"@graph\":[{\"@type\":\"WebPage\",\"@id\":\"https:\/\/vita-vetsch.ch\/?page_id=13026\",\"url\":\"https:\/\/vita-vetsch.ch\/?page_id=13026\",\"name\":\"\u00dcber Mich - Vita Vetsch\",\"isPartOf\":{\"@id\":\"https:\/\/vita-vetsch.ch\/#website\"},\"datePublished\":\"2020-06-12T02:36:16+00:00\",\"dateModified\":\"2023-04-26T19:01:15+00:00\",\"breadcrumb\":{\"@id\":\"https:\/\/vita-vetsch.ch\/?page_id=13026#breadcrumb\"},\"inLanguage\":\"de-CH\",\"potentialAction\":[{\"@type\":\"ReadAction\",\"target\":[\"https:\/\/vita-vetsch.ch\/?page_id=13026\"]}]},{\"@type\":\"BreadcrumbList\",\"@id\":\"https:\/\/vita-vetsch.ch\/?page_id=13026#breadcrumb\",\"itemListElement\":[{\"@type\":\"ListItem\",\"position\":1,\"name\":\"Startseite\",\"item\":\"https:\/\/vita-vetsch.ch\/\"},{\"@type\":\"ListItem\",\"position\":2,\"name\":\"\u00dcber Mich\"}]},{\"@type\":\"WebSite\",\"@id\":\"https:\/\/vita-vetsch.ch\/#website\",\"url\":\"https:\/\/vita-vetsch.ch\/\",\"name\":\"Vita Vetsch\",\"description\":\"Ern\u00e4hrung beginnt hier\",\"potentialAction\":[{\"@type\":\"SearchAction\",\"target\":{\"@type\":\"EntryPoint\",\"urlTemplate\":\"https:\/\/vita-vetsch.ch\/?s={search_term_string}\"},\"query-input\":\"required name=search_term_string\"}],\"inLanguage\":\"de-CH\"}]}<\/script>\n<!-- \/ Yoast SEO plugin. -->","yoast_head_json":{"title":"\u00dcber Mich - Vita Vetsch","robots":{"index":"index","follow":"follow","max-snippet":"max-snippet:-1","max-image-preview":"max-image-preview:large","max-video-preview":"max-video-preview:-1"},"canonical":"https:\/\/vita-vetsch.ch\/?page_id=13026","og_locale":"de_DE","og_type":"article","og_title":"\u00dcber Mich - Vita Vetsch","og_description":"Diplomierte Ern\u00e4hrungsberaterin Tatjana Vetsch Schon fr\u00fch habe ich mich f\u00fcr Ern\u00e4hrung und den menschlichen K\u00f6rper interessiert. Ich besuchte damals in der Schule das Wahlfach kochen, weil es mir so viel Spass gemacht hat, viele verschiedene grossartige Gerichte zu kreieren. Bis heute koche ich gerne und meist ohne Rezepte. Ich finde das Kochen ist eine gute","og_url":"https:\/\/vita-vetsch.ch\/?page_id=13026","og_site_name":"Vita Vetsch","article_modified_time":"2023-04-26T19:01:15+00:00","og_image":[{"url":"https:\/\/vita-vetsch.ch\/wp-content\/uploads\/2023\/04\/Tatjana_Vetsch-2.png"}],"twitter_card":"summary_large_image","twitter_misc":{"Gesch\u00e4tzte Lesezeit":"1\u00a0Minute"},"schema":{"@context":"https:\/\/schema.org","@graph":[{"@type":"WebPage","@id":"https:\/\/vita-vetsch.ch\/?page_id=13026","url":"https:\/\/vita-vetsch.ch\/?page_id=13026","name":"\u00dcber Mich - Vita Vetsch","isPartOf":{"@id":"https:\/\/vita-vetsch.ch\/#website"},"datePublished":"2020-06-12T02:36:16+00:00","dateModified":"2023-04-26T19:01:15+00:00","breadcrumb":{"@id":"https:\/\/vita-vetsch.ch\/?page_id=13026#breadcrumb"},"inLanguage":"de-CH","potentialAction":[{"@type":"ReadAction","target":["https:\/\/vita-vetsch.ch\/?page_id=13026"]}]},{"@type":"BreadcrumbList","@id":"https:\/\/vita-vetsch.ch\/?page_id=13026#breadcrumb","itemListElement":[{"@type":"ListItem","position":1,"name":"Startseite","item":"https:\/\/vita-vetsch.ch\/"},{"@type":"ListItem","position":2,"name":"\u00dcber Mich"}]},{"@type":"WebSite","@id":"https:\/\/vita-vetsch.ch\/#website","url":"https:\/\/vita-vetsch.ch\/","name":"Vita Vetsch","description":"Ern\u00e4hrung beginnt hier","potentialAction":[{"@type":"SearchAction","target":{"@type":"EntryPoint","urlTemplate":"https:\/\/vita-vetsch.ch\/?s={search_term_string}"},"query-input":"required name=search_term_string"}],"inLanguage":"de-CH"}]}},"_links":{"self":[{"href":"https:\/\/vita-vetsch.ch\/index.php?rest_route=\/wp\/v2\/pages\/13026","targetHints":{"allow":["GET"]}}],"collection":[{"href":"https:\/\/vita-vetsch.ch\/index.php?rest_route=\/wp\/v2\/pages"}],"about":[{"href":"https:\/\/vita-vetsch.ch\/index.php?rest_route=\/wp\/v2\/types\/page"}],"author":[{"embeddable":true,"href":"https:\/\/vita-vetsch.ch\/index.php?rest_route=\/wp\/v2\/users\/1"}],"replies":[{"embeddable":true,"href":"https:\/\/vita-vetsch.ch\/index.php?rest_route=%2Fwp%2Fv2%2Fcomments&post=13026"}],"version-history":[{"count":41,"href":"https:\/\/vita-vetsch.ch\/index.php?rest_route=\/wp\/v2\/pages\/13026\/revisions"}],"predecessor-version":[{"id":17253,"href":"https:\/\/vita-vetsch.ch\/index.php?rest_route=\/wp\/v2\/pages\/13026\/revisions\/17253"}],"wp:attachment":[{"href":"https:\/\/vita-vetsch.ch\/index.php?rest_route=%2Fwp%2Fv2%2Fmedia&parent=13026"}],"curies":[{"name":"wp","href":"https:\/\/api.w.org\/{rel}","templated":true}]}}